 - -3. Let f = g + -134. What are the prime factors of f?
3, 7, 19
Let h = 18055 + -3732. What are the prime factors of h?
14323
Let k be 9*(-7)/(-42)*4/2. Suppose -2*z = -2*w - 250, k*w + 121 = 3*z - 2*z. List the prime factors of z.
127
Suppose -3*f + 8*f + 3*y = -2, 0 = 3*f + 3*y. What are the prime factors of 7/42*-110*(-38 + f)?
5, 11, 13
Let a(n) = -14 - 21 + 28 - 23*n. Let v be a(-5). Let g = v - -97. What are the prime factors of g?
5, 41
Suppose 132 = 5*g - 3*g. Let w = 497 - g. What are the prime factors of w?
431
Let s(k) = -487*k + 4758. What are the prime factors of s(-13)?
13, 853
Let t(n) = n**3 - 19*n**2 - 18*n - 1. Let r be t(20). Let a be r/9 + 2 + (-21)/9. Suppose 499 = a*g + 75. What are the prime factors of g?
2, 53
Suppose 126*r - 4360608 = 28*r. List the prime factors of r.
2, 3, 103
What are the prime factors of 1454/(-6 + 20/3)?
3, 727
Let a(y) = -825*y. Let c be a(-3). Suppose -5*v = -1710 - c. What are the prime factors of v?
3, 31
Suppose -t + 69 - 64 = 0. Suppose -4*f + 1131 = -11*j + 12*j, -t*j + 3*f + 5563 = 0. What are the prime factors of j?
5, 223
Let z(q) = 37*q + 31. Let x = 106 - 104. List the prime factors of z(x).
3, 5, 7
Let x be 10/15 + 2 + (-2)/(-6). Let g(h) = h**3 - h**2 + 5*h - 3. Let o be g(x). List the prime factors of ((-42)/4)/((-3)/o).
3, 5, 7
Let t(q) = -q**3 - 30*q**2 - 3*q - 41. Let y(k) = -k**2 + 3*k + 24. Let i be y(9). List the prime factors of t(i).
7
Let i = 477 - 256. Let u(k) = k**3 + 9*k**2 + 8*k + 22. Let h be u(-10). Let r = h + i. List the prime factors of r.
3, 7
Let f be (7/(126/(-726)) + -1)*-6. Let q(p) = p**2 - 11*p + 10. Let n be q(10). Suppose -5*h + 52 + f = n. What are the prime factors of h?
2, 3, 5
Suppose -30401 = 305*x - 312*x + 20503. List the prime factors of x.
2, 3, 101
Let x(z) = 87*z - 2 - 3 + 33. Let t be x(15). Suppose -t = -9*p + 89. What are the prime factors of p?
2, 79
Let h(m) = m**3 - 78*m**2 - 103*m - 153. What are the prime factors of h(80)?
3, 13, 113
Let d be ((-154)/(-35))/((-1)/10). List the prime factors of (457/(-4) + -2)/(11/d).
3, 5, 31
Let d = 150 - 79. Let f = -66 + d. Suppose -5 - f = -c + n, 0 = 2*c + n - 17. List the prime factors of c.
3
Let d(i) = i**3 - 2*i**2 + 5*i - 29. Let m be d(4). Suppose -n + 0*s = -5*s - m, -4*n = -s - 187. List the prime factors of n.
2, 3
Suppose -5*r + 36*z + 11581 = 37*z, 11*r - 25479 = -3*z. List the prime factors of r.
2, 3, 193
Let m(d) be the third derivative of d**6/120 - d**5/30 - d**4/4 - d**3/6 + 15*d**2. Let w be m(3). What are the prime factors of (-1)/(-2) - 1095/w?
2, 5, 11
Let q be -6 + 3 + 6 + (1284 - 0). Let x = -913 + q. Let y = x - 260. What are the prime factors of y?
2, 3, 19
Let r(y) = -1801*y**2 - 1. Let d be r(1). Let j be (0 - (13 + -1))*1. List the prime factors of 2/(-12) + d/j.
2, 3, 5
Suppose 0*j - k + 4224 = 2*j, -2*j + 4226 = 2*k. What are the prime factors of j?
2111
Suppose -2*c + 10577 + 8085 = w, -c = 4. List the prime factors of w.
2, 5, 1867
Suppose 2*c + 9*c = 77. List the prime factors of (c - 85/15)*(-219)/(-2).
2, 73
Let v(p) = -p**3 + 3*p**2 - p + 4. Let l be v(3). Let f be (4/10*l)/((-3)/15). What are the prime factors of ((-4)/f)/(5 + 2365/(-475))?
5, 19
Suppose 0 = -351*n + 347*n + 5*k + 113502, 4 = 2*k. What are the prime factors of n?
2, 7, 2027
Let t(m) = -24*m**3 + m**2 + 2*m + 2. Suppose -3*j = 105 + 18. Let x = -42 - j. List the prime factors of t(x).
5
Let m(s) = -308*s**3 + 2*s**2 + s - 7. Let a(q) = -q**3 + q**2 - q - 1. Let z(f) = 3*a(f) - m(f). List the prime factors of z(1).
2, 3, 17
Let q = -74 - -76. Suppose -19*o = -20*o + 5. Suppose 0 = j + q*t - 1 - 20, 0 = o*j + t - 69. What are the prime factors of j?
13
Let d(z) = -304*z + 422. What are the prime factors of d(-7)?
2, 3, 5, 17
Let m = 8 - 6. Let q be 1*(m + -6) + 39. Let k = q - 21. What are the prime factors of k?
2, 7
Let y(d) = -d**2 + 10*d - 7. Let x(k) = -k**2 + 5*k - 4. Let r(p) = -5*x(p) + 3*y(p). Let c = -16 - -9. List the prime factors of r(c).
2, 31
Let r(s) = 551*s - 874. List the prime factors of r(37).
13, 19, 79
Suppose -4*c + 12 = c - s, 2*c + 2*s = 0. Let x(t) = -422*t**3 + 3*t**2 + t - 3. Let b be x(c). List the prime factors of 2/(-11) + -2*b/110.
61
Suppose -1345 - 59 = -4*a - 8*a. List the prime factors of a.
3, 13
Let d(b) = 139*b**2 - 18*b - 5. Let q be d(5). Suppose 0 = -5*f - 8*f + q. What are the prime factors of f?
2, 5, 13
Suppose -5*s + 2841 = -4*p + 9320, -15 = 5*s. Suppose 0 = 3*g - g - p. List the prime factors of g.
2, 101
Let m(u) = 4*u**2 - 110*u - 1531. What are the prime factors of m(-68)?
5, 4889
Suppose 0 = -36*y - 105*y + 13912329. List the prime factors of y.
98669
Let l(s) be the second derivative of 1/4*s**4 + 0 - 17*s - 5/3*s**3 + s**2. List the prime factors of l(4).
2, 5
Let d be (-70)/21*672/(-10). List the prime factors of d/((-6)/((-30)/5)).
2, 7
Let u(n) = -10104*n - 19961. List the prime factors of u(-8).
29, 2099
Suppose -4*f = -12, 2*u + 3*f = -9 + 22. Let m(s) = 57*s - 3. List the prime factors of m(u).
3, 37
Suppose 0 = 5*l - 3*l + d + 2, -2*l + 4*d = -8. Suppose -3*x - 3*r = 2*x - 3811, -x + 4*r + 753 = l. Suppose x + 548 = 7*j. What are the prime factors of j?
11, 17
Let i = -542 + 278. Let d = 410 + i. What are the prime factors of d?
2, 73
Let q = -1938 + 5038. Suppose 207 + 1667 = 3*v + y, 5*v - q = 3*y. List the prime factors of v.
7, 89
Let k(q) = 6*q + 60. Suppose -77 = -12*s + 43. List the prime factors of k(s).
2, 3, 5
Let s(a) = a**2 - a + 5. Let y be s(3). Suppose 8*d = 6*d. Suppose d = -12*n + y*n + 87. List the prime factors of n.
3, 29
Let n = 21 + 141. Let t = 205 - n. List the prime factors of t.
43
Let c(x) = 5*x + 25. Let q be c(-3). What are the prime factors of (-11)/((-22)/q)*96?
2, 3, 5
Suppose -5242*a + 5253*a - 111545 = 13393. What are the prime factors of a?
2, 3, 631
Let q(p) = 5*p**2 - 24*p - 23. Let a(o) = -o**2 + 6*o + 6. Let l = -26 - -44. Let h(c) = l*a(c) + 4*q(c). What are the prime factors of h(-7)?
2, 3, 5
Let c(a) = 8918*a - 195. Let f be c(12). List the prime factors of ((-1)/(3/2))/((-66)/f).
13, 83
Let d(h) = 7*h**2 + 150*h + 1567. What are the prime factors of d(-79)?
2, 7, 1193
Suppose -w - 82293 - 160927 = -4*z, 60823 = z + 2*w. List the prime factors of z.
3, 20269
Let r(v) = -v - 14. Let z be r(-8). Let x be 4/(-6) + 1/z*-46. Suppose 17*s - 1520 = x*s. What are the prime factors of s?
2, 19
Let t(y) = -47296*y**3 - 4*y**2 - 4*y + 2. List the prime factors of t(-1).
2, 3, 7883
Suppose 5*g - i - 158117 = 0, 52*g - 5*i - 63233 = 50*g. What are the prime factors of g?
2, 59, 67
Suppose 0 = -g + 88 - 68. Suppose -g*u - 20 = -24*u. Suppose -3*s + 663 = p, u*s - 2*p - 3*p = 1125. What are the prime factors of s?
2, 3, 37
Let t = -11856 - -12313. List the prime factors of t.
457
Let f(i) = -i**2 - 7*i + 4. Let k be f(-6). Let u(r) = -6*r - 14. Let o(g) = 34*g + 68. Let a(p) = 3*o(p) + 16*u(p). What are the prime factors of a(k)?
2, 5
Suppose -2*v - 4*s + 1418 = 0, -3*s - 624 = -v + 70. List the prime factors of (v/(-38))/(3/(-150)).
5, 37
Let a = 7 + -4. Let j be 2/((-2)/a) + -1 + 6. Suppose 116 + 76 = j*g. List the prime factors of g.
2, 3
Let r = -166 - -166. Suppose r = -7*h - 527 + 2683. What are the prime factors of h?
2, 7, 11
Let r(a) = a**3 - 30*a**2 + 61*a + 47. Let d be r(28). Let v(o) = 8*o**2 - o. Let m be v(1). Suppose 2*i = d + m. List the prime factors of i.
97
Suppose 0*r - r + 12223 = 0. What are the prime factors of r?
17, 719
Let l(w) = -244*w + 17376. What are the prime factors of l(0)?
2, 3, 181
Let a(m) be the first derivative of -189*m**2 + 14*m + 4. Let k be a(-3). Suppose -k = -5*i - d, -i - 2*d = -d - 228. What are the prime factors of i?
2, 5, 23
Let s = -135 + 139. Suppose 3*t + 1133 = 3*j + t, -5*j - s*t = -1903. What are the prime factors of j?
379
Let j be (675/6)/(-3)*(-34)/51. Suppose 0 = -5*d + j, -2*b + 4*b - 1708 = 4*d. What are the prime factors of b?
2, 3
Let r = 10 + -80. List the prime factors of r/25*(-110)/4.
7, 11
Suppose 466*h = 455*h + 57871. List the prime factors of h.
5261
Suppose 9*o - 4898 - 3220 = -5*a, -4*a - 2*o = -6458. List the prime factors of a.
3, 179
Let j(a) = 2*a**2 + 13*a - 9. Let q be j(-11). What are the prime factors of (q/12)/(4/40)?
3, 5